14
Calculate the remainder when 1803880 is divided by 2153.
1819
What is the remainder when 2674100 is divided by 85?
0
What is the remainder when 70180 is divided by 11652?
268
What is the remainder when 1433370 is divided by 456?
162
Calculate the remainder when 9292337 is divided by 202007.
15
What is the remainder when 7730 is divided by 1740?
770
Calculate the remainder when 5244816 is divided by 435.
21
Calculate the remainder when 10943919 is divided by 194.
185
Calculate the remainder when 40250330 is divided by 646.
8
Calculate the remainder when 19816256 is divided by 139.
138
What is the remainder when 114593 is divided by 114105?
488
What is the remainder when 2090314 is divided by 2?
0
What is the remainder when 695966 is divided by 43490?
126
Calculate the remainder when 60253499 is divided by 20.
19
What is the remainder when 1677703 is divided by 1677651?
52
What is the remainder when 30635047 is divided by 3041?
13
Calculate the remainder when 8231 is divided by 2695.
146
What is the remainder when 545223 is divided by 21?
0
Calculate the remainder when 65416678 is divided by 199.
5
What is the remainder when 1130776 is divided by 1341?
313
Calculate the remainder when 7425673 is divided by 965.
963
What is the remainder when 401469 is divided by 200724?
21
Calculate the remainder when 358443 is divided by 35843.
13
Calculate the remainder when 558482 is divided by 1281.
1247
What is the remainder when 918782 is divided by 469?
11
Calculate the remainder when 215394 is divided by 9295.
1609
What is the remainder when 4736220 is divided by 1578727?
39
Calculate the remainder when 1091707 is divided by 37.
22
What is the remainder when 10631978 is divided by 3188?
3186
Calculate the remainder when 57969 is divided by 9243.
2511
Calculate the remainder when 1420879 is divided by 3375.
4
What is the remainder when 526332 is divided by 311?
120
What is the remainder when 22930768 is divided by 1670?
1668
What is the remainder when 4725735 is divided by 59?
12
Calculate the remainder when 115491 is divided by 115482.
9
Calculate the remainder when 805194 is divided by 578.
40
What is the remainder when 144187 is divided by 863?
66
What is the remainder when 2591134 is divided by 10887?
28
What is the remainder when 2339956 is divided by 27?
1
What is the remainder when 94787245 is divided by 23696807?
17
Calculate the remainder when 222723 is divided by 3977.
11
What is the remainder when 6468984 is divided by 281256?
96
What is the remainder when 7315 is divided by 404?
43
Calculate the remainder when 16210668 is divided by 377.
45
What is the remainder when 25933946 is divided by 14?
10
What is the remainder when 3645049 is divided by 1580?
1569
Calculate the remainder when 711719 is divided by 237.
8
Calculate the remainder when 35709 is divided by 3228.
201
What is the remainder when 19689986 is divided by 1152?
2
Calculate the remainder when 31162102 is divided by 1602.
1600
Calculate the remainder when 3081398 is divided by 123252.
98
What is the remainder when 461573 is divided by 6?
5
What is the remainder when 1954987 is divided by 30?
7
What is the remainder when 1770115 is divided by 1157?
1062
What is the remainder when 499306 is divided by 35660?
66
What is the remainder when 5842 is divided by 1579?
1105
Calculate the remainder when 33359002 is divided by 145039.
32
What is the remainder when 18409 is divided by 18402?
7
What is the remainder when 31065 is divided by 4799?
2271
What is the remainder when 2299189 is divided by 1402?
1311
What is the remainder when 11425 is divided by 534?
211
What is the remainder when 1090111 is divided by 545055?
1
What is the remainder when 32357 is divided by 42?
17
Calculate the remainder when 19837 is divided by 8902.
2033
What is the remainder when 337708663 is divided by 12?
7
What is the remainder when 3390589 is divided by 4501?
1336
Calculate the remainder when 335909 is divided by 26.
15
Calculate the remainder when 809862 is divided by 134966.
66
Calculate the remainder when 91198 is divided by 1430.
1108
Calculate the remainder when 348774 is divided by 29013.
618
Calculate the remainder when 542985 is divided by 1105.
430
Calculate the remainder when 43711200 is divided by 349.
346
What is the remainder when 11188110 is divided by 17?
2
What is the remainder when 591572 is divided by 147890?
12
Calculate the remainder when 25519 is divided by 6191.
755
Calculate the remainder when 369965 is divided by 40268.
7553
Calculate the remainder when 39882093 is divided by 694.
689
What is the remainder when 33994295 is divided by 189?
188
Calculate the remainder when 90275 is divided by 306.
5
Calculate the remainder when 106691 is divided by 1938.
101
What is the remainder when 79334 is divided by 13207?
92
What is the remainder when 33296736 is divided by 416?
96
What is the remainder when 25434 is divided by 6306?
210
What is the remainder when 5556726 is divided by 793816?
14
Calculate the remainder when 171111 is divided by 20786.
4823
What is the remainder when 617248 is divided by 102873?
10
Calculate the remainder when 240954 is divided by 567.
546
Calculate the remainder when 326008 is divided by 162957.
94
Calculate the remainder when 5170624 is divided by 65.
4
Calculate the remainder when 373922 is divided by 102.
92
Calculate the remainder when 29261 is divided by 24745.
4516
What is the remainder when 474954 is divided by 118737?
6
Calculate the remainder when 1156573 is divided by 37308.
25
Calculate the remainder when 181990 is divided by 15140.
310
Calculate the remainder when 4801769 is divided by 179.
94
Calculate the remainder when 34933 is divided by 11610.
103
Calculate the remainder when 22703283 is divided by 477.
468
What is the remainder when 102417536 is divided by 57?
50
What is the remainder when 24026 is divided by 4615?
951
What is the remainder when 1112699 is divided by 629?
627
Calculate the remainder when 102213 is divided by 1099.
6
What is the remainder when 193010 is divided by 568?
458
What is the remainder when 8149877 is divided by 3041?
3038
Calculate the remainder when 1547410 is divided by 1549.
1508
Calculate the remainder when 4756 is divided by 3497.
1259
What is the remainder when 6308981 is divided by 6531?
35
What is the remainder when 1478503 is divided by 492487?
1042
Calculate the remainder when 194160000 is divided by 97080000.
0
Calculate the remainder when 1070126 is divided by 107000.
126
What is the remainder when 174794 is divided by 516?
386
Calculate the remainder when 13682157 is divided by 45.
42
Calculate the remainder when 23272 is divided by 4642.
62
What is the remainder when 875866 is divided by 175035?
691
Calculate the remainder when 648179 is divided by 648104.
75
What is the remainder when 82812 is divided by 81964?
848
What is the remainder when 1022773091 is divided by 2442?
2441
What is the remainder when 28052685 is divided by 16889?
56
Calculate the remainder when 13111230 is divided by 3277787.
82
What is the remainder when 454771 is divided by 454546?
225
Calculate the remainder when 1689148484 is divided by 1781.
1778
Calculate the remainder when 855851 is divided by 50337.
122
What is the remainder when 109369142 is divided by 663?
662
What is the remainder when 264938 is divided by 86239?
6221
What is the remainder when 2912546 is divided by 2290?
1956
What is the remainder when 470190061 is divided by 17?
15
Calculate the remainder when 8089120 is divided by 70340.
20
What is the remainder when 1997305 is divided by 1996504?
801
Calculate the remainder when 13569608 is divided by 16448.
8
Calculate the remainder when 17035713 is divided by 99.
90
What is the remainder when 2714704 is divided by 629?
569
What is the remainder when 35656 is divided by 11820?
196
What is the remainder when 4581633 is divided by 763604?
9
What is the remainder when 8010725 is divided by 92077?
26
What is the remainder when 1904040 is divided by 542?
536
What is the remainder when 117139645 is divided by 106?
105
Calculate the remainder when 12578881 is divided by 92.
89
Calculate the remainder when 5833 is divided by 1786.
475
Calculate the remainder when 23874937 is divided by 141.
112
What is the remainder when 